te the remainder when 228 is divided by 68.
24
Calculate the remainder when 48 is divided by 17.
14
What is the remainder when 208 is divided by 92?
24
What is the remainder when 7379 is divided by 205?
204
What is the remainder when 1763 is divided by 73?
11
Calculate the remainder when 165 is divided by 22.
11
Calculate the remainder when 345 is divided by 34.
5
What is the remainder when 2095 is divided by 691?
22
What is the remainder when 1272 is divided by 14?
12
Calculate the remainder when 53 is divided by 24.
5
What is the remainder when 25 is divided by 24?
1
What is the remainder when 204 is divided by 41?
40
What is the remainder when 125 is divided by 87?
38
What is the remainder when 81 is divided by 47?
34
What is the remainder when 1164 is divided by 146?
142
Calculate the remainder when 1921 is divided by 31.
30
Calculate the remainder when 91695 is divided by 29.
26
What is the remainder when 136 is divided by 95?
41
Calculate the remainder when 2348 is divided by 1146.
56
What is the remainder when 943 is divided by 191?
179
Calculate the remainder when 959 is divided by 20.
19
What is the remainder when 1773 is divided by 71?
69
What is the remainder when 497 is divided by 71?
0
What is the remainder when 518 is divided by 145?
83
What is the remainder when 136 is divided by 25?
11
Calculate the remainder when 892 is divided by 181.
168
What is the remainder when 408 is divided by 103?
99
Calculate the remainder when 7660 is divided by 35.
30
What is the remainder when 3639 is divided by 104?
103
What is the remainder when 396 is divided by 100?
96
What is the remainder when 514 is divided by 127?
6
Calculate the remainder when 3526 is divided by 7.
5
What is the remainder when 183 is divided by 38?
31
Calculate the remainder when 2397 is divided by 160.
157
Calculate the remainder when 52 is divided by 29.
23
Calculate the remainder when 9265 is divided by 127.
121
Calculate the remainder when 155 is divided by 52.
51
What is the remainder when 303 is divided by 76?
75
Calculate the remainder when 640 is divided by 36.
28
What is the remainder when 230 is divided by 21?
20
What is the remainder when 740 is divided by 52?
12
What is the remainder when 342 is divided by 301?
41
Calculate the remainder when 1057 is divided by 59.
54
Calculate the remainder when 6557 is divided by 386.
381
Calculate the remainder when 22 is divided by 8.
6
Calculate the remainder when 129 is divided by 53.
23
What is the remainder when 1339 is divided by 112?
107
Calculate the remainder when 2572 is divided by 39.
37
What is the remainder when 69 is divided by 26?
17
What is the remainder when 350 is divided by 101?
47
Calculate the remainder when 705 is divided by 233.
6
What is the remainder when 6524 is divided by 931?
7
Calculate the remainder when 70 is divided by 7.
0
Calculate the remainder when 625 is divided by 43.
23
What is the remainder when 698 is divided by 35?
33
Calculate the remainder when 583 is divided by 61.
34
What is the remainder when 378 is divided by 67?
43
Calculate the remainder when 3586 is divided by 13.
11
What is the remainder when 108 is divided by 24?
12
Calculate the remainder when 536 is divided by 42.
32
What is the remainder when 344 is divided by 83?
12
Calculate the remainder when 50 is divided by 17.
16
What is the remainder when 5186 is divided by 162?
2
What is the remainder when 5100 is divided by 182?
4
What is the remainder when 6476 is divided by 82?
80
Calculate the remainder when 5130 is divided by 7.
6
Calculate the remainder when 3897 is divided by 41.
2
Calculate the remainder when 631 is divided by 164.
139
What is the remainder when 258 is divided by 9?
6
What is the remainder when 926 is divided by 116?
114
Calculate the remainder when 188 is divided by 13.
6
Calculate the remainder when 2268 is divided by 20.
8
What is the remainder when 170 is divided by 14?
2
Calculate the remainder when 1106 is divided by 43.
31
What is the remainder when 480 is divided by 125?
105
What is the remainder when 124 is divided by 60?
4
Calculate the remainder when 91 is divided by 89.
2
What is the remainder when 1365 is divided by 241?
160
Calculate the remainder when 449 is divided by 399.
50
Calculate the remainder when 777 is divided by 10.
7
Calculate the remainder when 635 is divided by 29.
26
What is the remainder when 2796 is divided by 96?
12
What is the remainder when 366 is divided by 87?
18
What is the remainder when 70 is divided by 12?
10
What is the remainder when 4028 is divided by 130?
128
What is the remainder when 764 is divided by 83?
17
What is the remainder when 4310 is divided by 98?
96
Calculate the remainder when 28 is divided by 3.
1
What is the remainder when 7732 is divided by 5?
2
Calculate the remainder when 566 is divided by 113.
1
Calculate the remainder when 3092 is divided by 72.
68
Calculate the remainder when 27 is divided by 6.
3
What is the remainder when 182 is divided by 23?
21
What is the remainder when 27923 is divided by 25?
23
Calculate the remainder when 24 is divided by 4.
0
Calculate the remainder when 576 is divided by 38.
6
What is the remainder when 157 is divided by 87?
70
What is the remainder when 543 is divided by 109?
107
Calculate the remainder when 377 is divided by 16.
9
What is the remainder when 176 is divided by 10?
6
Calculate the remainder when 17 is divided by 7.
3
Calculate the remainder when 1077 is divided by 30.
27
What is the remainder when 304 is divided by 55?
29
Calculate the remainder when 296 is divided by 40.
16
Calculate the remainder when 950 is divided by 120.
110
Calculate the remainder when 170 is divided by 73.
24
What is the remainder when 862 is divided by 219?
205
Calculate the remainder when 223 is divided by 74.
1
What is the remainder when 775 is divided by 254?
13
What is the remainder when 216 is divided by 73?
70
Calculate the remainder when 92 is divided by 48.
44
Calculate the remainder when 17237 is divided by 4309.
1
What is the remainder when 133 is divided by 8?
5
What is the remainder when 7239 is divided by 40?
39
What is the remainder when 71 is divided by 64?
7
What is the remainder when 418 is divided by 15?
13
Calculate the remainder when 401 is divided by 123.
32
What is the remainder when 55 is divided by 25?
5
Calculate the remainder when 1555 is divided by 197.
176
Calculate the remainder when 128 is divided by 2.
0
Calculate the remainder when 119 is divided by 54.
11
Calculate the remainder when 375 is divided by 24.
15
Calculate the remainder when 27 is divided by 7.
6
Calculate the remainder when 3774 is divided by 40.
14
Calculate the remainder when 110 is divided by 38.
34
Calculate the remainder when 128 is divided by 118.
10
Calculate the remainder when 20718 is divided by 112.
110
What is the remainder when 933 is divided by 20?
13
What is the remainder when 3264 is divided by 70?
44
What is the remainder when 136 is divided by 35?
31
What is the remainder when 389 is divided by 198?
191
What is the remainder when 221 is divided by 161?
60
Calculate the remainder when 3374 is divided by 23.
16
Calculate the remainder when 238 is divided by 48.
46
Calculate the remainder when 55 is divided by 47.
8
Calculate the remainder when 69 is divided by 10.
9
What is the remainder when 3327 is divided by 64?
63
Calculate the remainder when 57 is divided by 37.
20
What is the remainder when 166 is divided by 22?
12
Calculate the remainder when 345 is divided by 73.
53
What is the remainder when 266 is divided by 34?
28
Calculate the remainder when 151 is divided by 50.
1
What is the remainder when 109 is divided by 11?
10
What is the remainder when 735 is divided by 43?
4
Calculate the remainder when 376 is divided by 64.
56
What is the remainder when 546 is divided by 11?
7
What is the remainder when 1493 is divided by 301?
289
What is the remainder when 265 is divided by 70?
55
What is the remainder when 157 is divided by 132?
25
Calculate the remainder when 105 is divided by 27.
24
Calculate the remainder when 2508 is divided by 16.
12
What is the remainder when 600 is divided by 150?
0
What is the remainder when 242 is divided by 116?
10
Calculate the remainder when 325 is divided by 7.
3
What is 